{"id":2208,"date":"2021-11-29T14:21:37","date_gmt":"2021-11-29T14:21:37","guid":{"rendered":"https:\/\/instantpadel.eu\/?page_id=2208"},"modified":"2022-09-13T14:16:24","modified_gmt":"2022-09-13T14:16:24","slug":"hosteleria-y-bienes-raices","status":"publish","type":"page","link":"https:\/\/instantcourts.com\/instantpadel\/es\/hosteleria-y-bienes-raices\/","title":{"rendered":"Hosteler\u00eda y Bienes Ra\u00edces"},"content":{"rendered":"\t\t<div data-elementor-type=\"wp-page\" data-elementor-id=\"2208\" class=\"elementor elementor-2208\" data-elementor-post-type=\"page\">\n\t\t\t\t\t\t<section class=\"elementor-section elementor-top-section elementor-element elementor-element-a9cf955 elementor-section-boxed elementor-section-height-default elementor-section-height-default\" data-id=\"a9cf955\" data-element_type=\"section\" data-e-type=\"section\">\n\t\t\t\t\t\t<div class=\"elementor-container elementor-column-gap-default\">\n\t\t\t\t\t<div class=\"elementor-column elementor-col-100 elementor-top-column elementor-element elementor-element-594255a\" data-id=\"594255a\" data-element_type=\"column\" data-e-type=\"column\">\n\t\t\t<div class=\"elementor-widget-wrap elementor-element-populated\">\n\t\t\t\t\t\t<div class=\"elementor-element elementor-element-f462471 elementor-widget elementor-widget-text-editor\" data-id=\"f462471\" data-element_type=\"widget\" data-e-type=\"widget\" data-widget_type=\"text-editor.default\">\n\t\t\t\t<div class=\"elementor-widget-container\">\n\t\t\t\t\t\t\t\t\t\n<p>Las pistas modulares Instantpadel, f\u00e1ciles de instalar, permiten una r\u00e1pida configuraci\u00f3n. De este modo, se puede jugar al p\u00e1del durante una semana, un mes, parte de la temporada de verano o todo el a\u00f1o. Dado que la instalaci\u00f3n puede realizarse tanto en interiores como en exteriores, las pistas Instantpadel pueden utilizarse en cualquier lugar.<\/p>\n<p>El p\u00e1del es el deporte de m\u00e1s r\u00e1pido crecimiento en todo el mundo y facilitar este deporte permite obtener m\u00e1s flujos de ingresos y valor a\u00f1adido a los hoteles, parques de vacaciones o edificios de apartamentos. Al poder construir en el suelo, as\u00ed como en s\u00f3tanos, en pistas existentes o en aparcamientos, el montaje modular y de bajo coste permite aprovechar este potencial f\u00e1cilmente.<\/p>\n<p>La configuraci\u00f3n modular, sin necesidad de grandes obras en el suelo, tambi\u00e9n significa que en la mayor\u00eda de los casos no se requiere ning\u00fan permiso de construcci\u00f3n. Por lo tanto, es f\u00e1cil actuar con rapidez y sin complicaciones.<\/p>\n<p>P\u00f3ngase en contacto con nosotros para obtener un <a href=\"https:\/\/instantcourts.test\/instantpadel\/buy\/\" data-type=\"page\" data-id=\"294\">cita<\/a>.<\/p>\n\n<figure class=\"wp-block-gallery columns-3 is-cropped wp-block-gallery-2 is-layout-flex wp-block-gallery-is-layout-flex\">\n<ul class=\"blocks-gallery-grid\">\n<li class=\"blocks-gallery-item\">\n<figure>\n<p><img fetchpriority=\"high\" decoding=\"async\" class=\"wp-image-5094 size-medium\" src=\"https:\/\/instantcourts.test\/instantpadel\/wp-content\/uploads\/Hospitality-Event-Padel-Court-web-300x200.png\" alt=\"Hospitality and events padel court\" width=\"300\" height=\"200\" data-id=\"229\" data-full-url=\"https:\/\/instantcourts.test\/instantpadel\/wp-content\/uploads\/2021\/08\/WhatsApp-Image-2021-07-29-at-11.16.38.jpeg\" data-link=\"https:\/\/instantcourts.test\/instantpadel\/en\/leisure\/whatsapp-image-2021-07-29-at-11-16-38\/\" srcset=\"https:\/\/instantcourts.com\/instantpadel\/wp-content\/uploads\/sites\/2\/Hospitality-Event-Padel-Court-web-300x200.png 300w, https:\/\/instantcourts.com\/instantpadel\/wp-content\/uploads\/sites\/2\/Hospitality-Event-Padel-Court-web-768x512.png 768w, https:\/\/instantcourts.com\/instantpadel\/wp-content\/uploads\/sites\/2\/Hospitality-Event-Padel-Court-web.png 1024w\" sizes=\"(max-width: 300px) 100vw, 300px\" \/><\/p>\n<\/figure>\n<\/li>\n<li class=\"blocks-gallery-item\">\n<figure><img decoding=\"async\" class=\"alignnone wp-image-5095 size-medium\" src=\"https:\/\/instantcourts.test\/instantpadel\/wp-content\/uploads\/Hospitality-Events-Padel-web-e1663068775861-300x200.png\" alt=\"\" width=\"300\" height=\"200\" data-id=\"230\" data-full-url=\"https:\/\/instantcourts.test\/instantpadel\/wp-content\/uploads\/2021\/08\/WhatsApp-Image-2021-07-29-at-11.16.39.jpeg\" data-link=\"https:\/\/instantcourts.test\/instantpadel\/en\/leisure\/whatsapp-image-2021-07-29-at-11-16-39-2\/\" srcset=\"https:\/\/instantcourts.com\/instantpadel\/wp-content\/uploads\/sites\/2\/Hospitality-Events-Padel-web-e1663068775861-300x200.png 300w, https:\/\/instantcourts.com\/instantpadel\/wp-content\/uploads\/sites\/2\/Hospitality-Events-Padel-web-e1663068775861.png 482w\" sizes=\"(max-width: 300px) 100vw, 300px\" \/><\/figure>\n<\/li>\n<li class=\"blocks-gallery-item\">\n<figure><img decoding=\"async\" class=\"alignnone wp-image-5096 size-medium\" src=\"https:\/\/instantcourts.test\/instantpadel\/wp-content\/uploads\/Instantpadel-Hospitality-and-Events-Padel-300x200.png\" alt=\"\" width=\"300\" height=\"200\" data-id=\"231\" data-full-url=\"https:\/\/instantcourts.test\/instantpadel\/wp-content\/uploads\/2021\/08\/WhatsApp-Image-2021-07-29-at-11.16.41.jpeg\" data-link=\"https:\/\/instantcourts.test\/instantpadel\/en\/leisure\/whatsapp-image-2021-07-29-at-11-16-41\/\" srcset=\"https:\/\/instantcourts.com\/instantpadel\/wp-content\/uploads\/sites\/2\/Instantpadel-Hospitality-and-Events-Padel-300x200.png 300w, https:\/\/instantcourts.com\/instantpadel\/wp-content\/uploads\/sites\/2\/Instantpadel-Hospitality-and-Events-Padel-768x512.png 768w, https:\/\/instantcourts.com\/instantpadel\/wp-content\/uploads\/sites\/2\/Instantpadel-Hospitality-and-Events-Padel.png 1024w\" sizes=\"(max-width: 300px) 100vw, 300px\" \/><\/figure>\n<\/li>\n<\/ul>\n<\/figure>\n\t\t\t\t\t\t\t\t<\/div>\n\t\t\t\t<\/div>\n\t\t\t\t\t<\/div>\n\t\t<\/div>\n\t\t\t\t\t<\/div>\n\t\t<\/section>\n\t\t\t\t<\/div>\n\t\t","protected":false},"excerpt":{"rendered":"<p>Las pistas modulares Instantpadel, f\u00e1ciles de instalar, permiten una r\u00e1pida configuraci\u00f3n. De este modo, se puede jugar al p\u00e1del durante una semana, un mes, parte de la temporada de verano o todo el a\u00f1o. Dado que la instalaci\u00f3n puede realizarse tanto en interiores como en exteriores, las pistas Instantpadel pueden utilizarse en cualquier lugar. El [&hellip;]<\/p>\n","protected":false},"author":3,"featured_media":5094,"parent":0,"menu_order":0,"comment_status":"closed","ping_status":"closed","template":"","meta":{"_acf_changed":false,"footnotes":""},"class_list":["post-2208","page","type-page","status-publish","has-post-thumbnail","hentry"],"yoast_head":"<!-- This site is optimized with the Yoast SEO plugin v27.4 - https:\/\/yoast.com\/product\/yoast-seo-wordpress\/ -->\n<title>Hosteler\u00eda y Bienes Ra\u00edces - Instantpadel<\/title>\n<meta name=\"robots\" content=\"index, follow, max-snippet:-1, max-image-preview:large, max-video-preview:-1\" \/>\n<link rel=\"canonical\" href=\"https:\/\/instantcourts.com\/instantpadel\/es\/hosteleria-y-bienes-raices\/\" \/>\n<meta property=\"og:locale\" content=\"en_US\" \/>\n<meta property=\"og:type\" content=\"article\" \/>\n<meta property=\"og:title\" content=\"Hosteler\u00eda y Bienes Ra\u00edces - Instantpadel\" \/>\n<meta property=\"og:description\" content=\"Las pistas modulares Instantpadel, f\u00e1ciles de instalar, permiten una r\u00e1pida configuraci\u00f3n. De este modo, se puede jugar al p\u00e1del durante una semana, un mes, parte de la temporada de verano o todo el a\u00f1o. Dado que la instalaci\u00f3n puede realizarse tanto en interiores como en exteriores, las pistas Instantpadel pueden utilizarse en cualquier lugar. El [&hellip;]\" \/>\n<meta property=\"og:url\" content=\"https:\/\/instantcourts.com\/instantpadel\/es\/hosteleria-y-bienes-raices\/\" \/>\n<meta property=\"og:site_name\" content=\"Instantpadel\" \/>\n<meta property=\"article:publisher\" content=\"https:\/\/www.facebook.com\/Instantpadel\/\" \/>\n<meta property=\"article:modified_time\" content=\"2022-09-13T14:16:24+00:00\" \/>\n<meta property=\"og:image\" content=\"https:\/\/instantcourts.com\/instantpadel\/wp-content\/uploads\/sites\/2\/Hospitality-Event-Padel-Court-web.png\" \/>\n\t<meta property=\"og:image:width\" content=\"1024\" \/>\n\t<meta property=\"og:image:height\" content=\"682\" \/>\n\t<meta property=\"og:image:type\" content=\"image\/png\" \/>\n<meta name=\"twitter:card\" content=\"summary_large_image\" \/>\n<meta name=\"twitter:label1\" content=\"Est. reading time\" \/>\n\t<meta name=\"twitter:data1\" content=\"2 minutes\" \/>\n<script type=\"application\/ld+json\" class=\"yoast-schema-graph\">{\"@context\":\"https:\\\/\\\/schema.org\",\"@graph\":[{\"@type\":\"WebPage\",\"@id\":\"https:\\\/\\\/instantcourts.com\\\/instantpadel\\\/es\\\/hosteleria-y-bienes-raices\\\/\",\"url\":\"https:\\\/\\\/instantcourts.com\\\/instantpadel\\\/es\\\/hosteleria-y-bienes-raices\\\/\",\"name\":\"Hosteler\u00eda y Bienes Ra\u00edces - Instantpadel\",\"isPartOf\":{\"@id\":\"https:\\\/\\\/instantcourts.com\\\/instantpadel\\\/#website\"},\"primaryImageOfPage\":{\"@id\":\"https:\\\/\\\/instantcourts.com\\\/instantpadel\\\/es\\\/hosteleria-y-bienes-raices\\\/#primaryimage\"},\"image\":{\"@id\":\"https:\\\/\\\/instantcourts.com\\\/instantpadel\\\/es\\\/hosteleria-y-bienes-raices\\\/#primaryimage\"},\"thumbnailUrl\":\"https:\\\/\\\/instantcourts.com\\\/instantpadel\\\/wp-content\\\/uploads\\\/sites\\\/2\\\/Hospitality-Event-Padel-Court-web.png\",\"datePublished\":\"2021-11-29T14:21:37+00:00\",\"dateModified\":\"2022-09-13T14:16:24+00:00\",\"breadcrumb\":{\"@id\":\"https:\\\/\\\/instantcourts.com\\\/instantpadel\\\/es\\\/hosteleria-y-bienes-raices\\\/#breadcrumb\"},\"inLanguage\":\"en-US\",\"potentialAction\":[{\"@type\":\"ReadAction\",\"target\":[\"https:\\\/\\\/instantcourts.com\\\/instantpadel\\\/es\\\/hosteleria-y-bienes-raices\\\/\"]}]},{\"@type\":\"ImageObject\",\"inLanguage\":\"en-US\",\"@id\":\"https:\\\/\\\/instantcourts.com\\\/instantpadel\\\/es\\\/hosteleria-y-bienes-raices\\\/#primaryimage\",\"url\":\"https:\\\/\\\/instantcourts.com\\\/instantpadel\\\/wp-content\\\/uploads\\\/sites\\\/2\\\/Hospitality-Event-Padel-Court-web.png\",\"contentUrl\":\"https:\\\/\\\/instantcourts.com\\\/instantpadel\\\/wp-content\\\/uploads\\\/sites\\\/2\\\/Hospitality-Event-Padel-Court-web.png\",\"width\":1024,\"height\":682,\"caption\":\"Hospitality and events padel cour\"},{\"@type\":\"BreadcrumbList\",\"@id\":\"https:\\\/\\\/instantcourts.com\\\/instantpadel\\\/es\\\/hosteleria-y-bienes-raices\\\/#breadcrumb\",\"itemListElement\":[{\"@type\":\"ListItem\",\"position\":1,\"name\":\"Home\",\"item\":\"https:\\\/\\\/instantcourts.com\\\/instantpadel\\\/\"},{\"@type\":\"ListItem\",\"position\":2,\"name\":\"Hosteler\u00eda y Bienes Ra\u00edces\"}]},{\"@type\":\"WebSite\",\"@id\":\"https:\\\/\\\/instantcourts.com\\\/instantpadel\\\/#website\",\"url\":\"https:\\\/\\\/instantcourts.com\\\/instantpadel\\\/\",\"name\":\"Instantpadel\",\"description\":\"Padel Courts the clever way\",\"publisher\":{\"@id\":\"https:\\\/\\\/instantcourts.com\\\/instantpadel\\\/#organization\"},\"potentialAction\":[{\"@type\":\"SearchAction\",\"target\":{\"@type\":\"EntryPoint\",\"urlTemplate\":\"https:\\\/\\\/instantcourts.com\\\/instantpadel\\\/?s={search_term_string}\"},\"query-input\":{\"@type\":\"PropertyValueSpecification\",\"valueRequired\":true,\"valueName\":\"search_term_string\"}}],\"inLanguage\":\"en-US\"},{\"@type\":\"Organization\",\"@id\":\"https:\\\/\\\/instantcourts.com\\\/instantpadel\\\/#organization\",\"name\":\"Instantpadel\",\"url\":\"https:\\\/\\\/instantcourts.com\\\/instantpadel\\\/\",\"logo\":{\"@type\":\"ImageObject\",\"inLanguage\":\"en-US\",\"@id\":\"https:\\\/\\\/instantcourts.com\\\/instantpadel\\\/#\\\/schema\\\/logo\\\/image\\\/\",\"url\":\"https:\\\/\\\/instantcourts.com\\\/instantpadel\\\/wp-content\\\/uploads\\\/sites\\\/2\\\/Instantpadel.webp\",\"contentUrl\":\"https:\\\/\\\/instantcourts.com\\\/instantpadel\\\/wp-content\\\/uploads\\\/sites\\\/2\\\/Instantpadel.webp\",\"width\":2048,\"height\":2048,\"caption\":\"Instantpadel\"},\"image\":{\"@id\":\"https:\\\/\\\/instantcourts.com\\\/instantpadel\\\/#\\\/schema\\\/logo\\\/image\\\/\"},\"sameAs\":[\"https:\\\/\\\/www.facebook.com\\\/Instantpadel\\\/\",\"https:\\\/\\\/www.instagram.com\\\/instantpadel.eu\\\/\",\"https:\\\/\\\/in.linkedin.com\\\/company\\\/instantpadel\"]}]}<\/script>\n<!-- \/ Yoast SEO plugin. -->","yoast_head_json":{"title":"Hosteler\u00eda y Bienes Ra\u00edces - Instantpadel","robots":{"index":"index","follow":"follow","max-snippet":"max-snippet:-1","max-image-preview":"max-image-preview:large","max-video-preview":"max-video-preview:-1"},"canonical":"https:\/\/instantcourts.com\/instantpadel\/es\/hosteleria-y-bienes-raices\/","og_locale":"en_US","og_type":"article","og_title":"Hosteler\u00eda y Bienes Ra\u00edces - Instantpadel","og_description":"Las pistas modulares Instantpadel, f\u00e1ciles de instalar, permiten una r\u00e1pida configuraci\u00f3n. De este modo, se puede jugar al p\u00e1del durante una semana, un mes, parte de la temporada de verano o todo el a\u00f1o. Dado que la instalaci\u00f3n puede realizarse tanto en interiores como en exteriores, las pistas Instantpadel pueden utilizarse en cualquier lugar. El [&hellip;]","og_url":"https:\/\/instantcourts.com\/instantpadel\/es\/hosteleria-y-bienes-raices\/","og_site_name":"Instantpadel","article_publisher":"https:\/\/www.facebook.com\/Instantpadel\/","article_modified_time":"2022-09-13T14:16:24+00:00","og_image":[{"width":1024,"height":682,"url":"https:\/\/instantcourts.com\/instantpadel\/wp-content\/uploads\/sites\/2\/Hospitality-Event-Padel-Court-web.png","type":"image\/png"}],"twitter_card":"summary_large_image","twitter_misc":{"Est. reading time":"2 minutes"},"schema":{"@context":"https:\/\/schema.org","@graph":[{"@type":"WebPage","@id":"https:\/\/instantcourts.com\/instantpadel\/es\/hosteleria-y-bienes-raices\/","url":"https:\/\/instantcourts.com\/instantpadel\/es\/hosteleria-y-bienes-raices\/","name":"Hosteler\u00eda y Bienes Ra\u00edces - Instantpadel","isPartOf":{"@id":"https:\/\/instantcourts.com\/instantpadel\/#website"},"primaryImageOfPage":{"@id":"https:\/\/instantcourts.com\/instantpadel\/es\/hosteleria-y-bienes-raices\/#primaryimage"},"image":{"@id":"https:\/\/instantcourts.com\/instantpadel\/es\/hosteleria-y-bienes-raices\/#primaryimage"},"thumbnailUrl":"https:\/\/instantcourts.com\/instantpadel\/wp-content\/uploads\/sites\/2\/Hospitality-Event-Padel-Court-web.png","datePublished":"2021-11-29T14:21:37+00:00","dateModified":"2022-09-13T14:16:24+00:00","breadcrumb":{"@id":"https:\/\/instantcourts.com\/instantpadel\/es\/hosteleria-y-bienes-raices\/#breadcrumb"},"inLanguage":"en-US","potentialAction":[{"@type":"ReadAction","target":["https:\/\/instantcourts.com\/instantpadel\/es\/hosteleria-y-bienes-raices\/"]}]},{"@type":"ImageObject","inLanguage":"en-US","@id":"https:\/\/instantcourts.com\/instantpadel\/es\/hosteleria-y-bienes-raices\/#primaryimage","url":"https:\/\/instantcourts.com\/instantpadel\/wp-content\/uploads\/sites\/2\/Hospitality-Event-Padel-Court-web.png","contentUrl":"https:\/\/instantcourts.com\/instantpadel\/wp-content\/uploads\/sites\/2\/Hospitality-Event-Padel-Court-web.png","width":1024,"height":682,"caption":"Hospitality and events padel cour"},{"@type":"BreadcrumbList","@id":"https:\/\/instantcourts.com\/instantpadel\/es\/hosteleria-y-bienes-raices\/#breadcrumb","itemListElement":[{"@type":"ListItem","position":1,"name":"Home","item":"https:\/\/instantcourts.com\/instantpadel\/"},{"@type":"ListItem","position":2,"name":"Hosteler\u00eda y Bienes Ra\u00edces"}]},{"@type":"WebSite","@id":"https:\/\/instantcourts.com\/instantpadel\/#website","url":"https:\/\/instantcourts.com\/instantpadel\/","name":"Instantpadel","description":"Padel Courts the clever way","publisher":{"@id":"https:\/\/instantcourts.com\/instantpadel\/#organization"},"potentialAction":[{"@type":"SearchAction","target":{"@type":"EntryPoint","urlTemplate":"https:\/\/instantcourts.com\/instantpadel\/?s={search_term_string}"},"query-input":{"@type":"PropertyValueSpecification","valueRequired":true,"valueName":"search_term_string"}}],"inLanguage":"en-US"},{"@type":"Organization","@id":"https:\/\/instantcourts.com\/instantpadel\/#organization","name":"Instantpadel","url":"https:\/\/instantcourts.com\/instantpadel\/","logo":{"@type":"ImageObject","inLanguage":"en-US","@id":"https:\/\/instantcourts.com\/instantpadel\/#\/schema\/logo\/image\/","url":"https:\/\/instantcourts.com\/instantpadel\/wp-content\/uploads\/sites\/2\/Instantpadel.webp","contentUrl":"https:\/\/instantcourts.com\/instantpadel\/wp-content\/uploads\/sites\/2\/Instantpadel.webp","width":2048,"height":2048,"caption":"Instantpadel"},"image":{"@id":"https:\/\/instantcourts.com\/instantpadel\/#\/schema\/logo\/image\/"},"sameAs":["https:\/\/www.facebook.com\/Instantpadel\/","https:\/\/www.instagram.com\/instantpadel.eu\/","https:\/\/in.linkedin.com\/company\/instantpadel"]}]}},"acf":[],"_links":{"self":[{"href":"https:\/\/instantcourts.com\/instantpadel\/wp-json\/wp\/v2\/pages\/2208","targetHints":{"allow":["GET"]}}],"collection":[{"href":"https:\/\/instantcourts.com\/instantpadel\/wp-json\/wp\/v2\/pages"}],"about":[{"href":"https:\/\/instantcourts.com\/instantpadel\/wp-json\/wp\/v2\/types\/page"}],"author":[{"embeddable":true,"href":"https:\/\/instantcourts.com\/instantpadel\/wp-json\/wp\/v2\/users\/3"}],"replies":[{"embeddable":true,"href":"https:\/\/instantcourts.com\/instantpadel\/wp-json\/wp\/v2\/comments?post=2208"}],"version-history":[{"count":0,"href":"https:\/\/instantcourts.com\/instantpadel\/wp-json\/wp\/v2\/pages\/2208\/revisions"}],"wp:featuredmedia":[{"embeddable":true,"href":"https:\/\/instantcourts.com\/instantpadel\/wp-json\/wp\/v2\/media\/5094"}],"wp:attachment":[{"href":"https:\/\/instantcourts.com\/instantpadel\/wp-json\/wp\/v2\/media?parent=2208"}],"curies":[{"name":"wp","href":"https:\/\/api.w.org\/{rel}","templated":true}]}}