{"id":3281,"date":"2021-12-22T10:52:28","date_gmt":"2021-12-22T10:52:28","guid":{"rendered":"https:\/\/instantpadel.eu\/?page_id=3281"},"modified":"2023-10-31T10:40:44","modified_gmt":"2023-10-31T10:40:44","slug":"noin","status":"publish","type":"page","link":"https:\/\/instantcourts.com\/instantpadel\/fi\/noin\/","title":{"rendered":"Noin"},"content":{"rendered":"\t\t<div data-elementor-type=\"wp-page\" data-elementor-id=\"3281\" class=\"elementor elementor-3281\" data-elementor-post-type=\"page\">\n\t\t\t\t\t\t<section class=\"elementor-section elementor-top-section elementor-element elementor-element-dc43a8c elementor-section-boxed elementor-section-height-default elementor-section-height-default\" data-id=\"dc43a8c\" data-element_type=\"section\" data-e-type=\"section\">\n\t\t\t\t\t\t<div class=\"elementor-container elementor-column-gap-default\">\n\t\t\t\t\t<div class=\"elementor-column elementor-col-100 elementor-top-column elementor-element elementor-element-dafbbdf\" data-id=\"dafbbdf\" data-element_type=\"column\" data-e-type=\"column\">\n\t\t\t<div class=\"elementor-widget-wrap elementor-element-populated\">\n\t\t\t\t\t\t<div class=\"elementor-element elementor-element-945dc0a elementor-widget elementor-widget-heading\" data-id=\"945dc0a\" data-element_type=\"widget\" data-e-type=\"widget\" data-widget_type=\"heading.default\">\n\t\t\t\t<div class=\"elementor-widget-container\">\n\t\t\t\t\t<h2 class=\"elementor-heading-title elementor-size-default\">Tietoa meist\u00e4<\/h2>\t\t\t\t<\/div>\n\t\t\t\t<\/div>\n\t\t\t\t<div class=\"elementor-element elementor-element-b4eef20 elementor-widget elementor-widget-text-editor\" data-id=\"b4eef20\" data-element_type=\"widget\" data-e-type=\"widget\" data-widget_type=\"text-editor.default\">\n\t\t\t\t<div class=\"elementor-widget-container\">\n\t\t\t\t\t\t\t\t\t<p>Ruotsin urheiluhistoriassa on ennenn\u00e4kem\u00e4t\u00f6n nopeus, jolla hypetykseksi kohonnut maila-urheilulaji padel on laajentunut. Vaikka uusia polkuja tuntuu kasvavan kuin sieni\u00e4 maasta, emme tunnu saavan tarpeeksemme. Nyt esitell\u00e4\u00e4n fiksu, kustannustehokas, helposti koottava ja maailmassa ainutlaatuinen ruotsalainen muotoilu, joka tekee lajista helposti l\u00e4hestytt\u00e4v\u00e4n erilaisissa yhteyksiss\u00e4 ja ymp\u00e4rist\u00f6iss\u00e4. Enn\u00e4tysajassa ja k\u00e4yt\u00e4nn\u00f6ss\u00e4 kaikkialla.<\/p>\n<p>Se on kaksi melontaharrastajaa, my\u00f6s teknologiayritt\u00e4ji\u00e4, Christoffer Granfelt (toinen perustaja Epicenter) ja Magnus Berglund (toimitusjohtaja ja toinen perustaja Iapps), jotka laittoivat viisaat p\u00e4\u00e4ns\u00e4 yhteen ja loivat konseptin, johon he sitten palkkasivat tunnetun espanjalaisen rata-arkkitehdin Fernando Cancuas Liopisin. Senor Liopis on Alicantessa sijaitsevan Padelcourt Deluxen p\u00e4\u00e4arkkitehti ja osaomistaja. Padelcourtdeluxen tunnusmerkkin\u00e4 on muotoilun, yksinoikeuden, laadun ja toimivuuden yhdist\u00e4minen korkeimmalla tasolla.<\/p>\t\t\t\t\t\t\t\t<\/div>\n\t\t\t\t<\/div>\n\t\t\t\t<div class=\"elementor-element elementor-element-efab992 elementor-widget elementor-widget-heading\" data-id=\"efab992\" data-element_type=\"widget\" data-e-type=\"widget\" data-widget_type=\"heading.default\">\n\t\t\t\t<div class=\"elementor-widget-container\">\n\t\t\t\t\t<h2 class=\"elementor-heading-title elementor-size-default\">Johtajuus<\/h2>\t\t\t\t<\/div>\n\t\t\t\t<\/div>\n\t\t\t\t<section class=\"elementor-section elementor-inner-section elementor-element elementor-element-382698a elementor-section-boxed elementor-section-height-default elementor-section-height-default\" data-id=\"382698a\" data-element_type=\"section\" data-e-type=\"section\">\n\t\t\t\t\t\t<div class=\"elementor-container elementor-column-gap-default\">\n\t\t\t\t\t<div class=\"elementor-column elementor-col-33 elementor-inner-column elementor-element elementor-element-346606a\" data-id=\"346606a\" data-element_type=\"column\" data-e-type=\"column\">\n\t\t\t<div class=\"elementor-widget-wrap\">\n\t\t\t\t\t\t\t<\/div>\n\t\t<\/div>\n\t\t\t\t<div class=\"elementor-column elementor-col-33 elementor-inner-column elementor-element elementor-element-bdf203d\" data-id=\"bdf203d\" data-element_type=\"column\" data-e-type=\"column\">\n\t\t\t<div class=\"elementor-widget-wrap\">\n\t\t\t\t\t\t\t<\/div>\n\t\t<\/div>\n\t\t\t\t<div class=\"elementor-column elementor-col-33 elementor-inner-column elementor-element elementor-element-a1e8e77\" data-id=\"a1e8e77\" data-element_type=\"column\" data-e-type=\"column\">\n\t\t\t<div class=\"elementor-widget-wrap\">\n\t\t\t\t\t\t\t<\/div>\n\t\t<\/div>\n\t\t\t\t\t<\/div>\n\t\t<\/section>\n\t\t\t\t<div class=\"elementor-element elementor-element-a713d71 elementor-widget elementor-widget-heading\" data-id=\"a713d71\" data-element_type=\"widget\" data-e-type=\"widget\" data-widget_type=\"heading.default\">\n\t\t\t\t<div class=\"elementor-widget-container\">\n\t\t\t\t\t<h2 class=\"elementor-heading-title elementor-size-default\">Yhteisty\u00f6kumppanit<\/h2>\t\t\t\t<\/div>\n\t\t\t\t<\/div>\n\t\t\t\t<section class=\"elementor-section elementor-inner-section elementor-element elementor-element-110c36c elementor-section-boxed elementor-section-height-default elementor-section-height-default\" data-id=\"110c36c\" data-element_type=\"section\" data-e-type=\"section\">\n\t\t\t\t\t\t<div class=\"elementor-container elementor-column-gap-default\">\n\t\t\t\t\t<div class=\"elementor-column elementor-col-33 elementor-inner-column elementor-element elementor-element-e2d0015\" data-id=\"e2d0015\" data-element_type=\"column\" data-e-type=\"column\">\n\t\t\t<div class=\"elementor-widget-wrap\">\n\t\t\t\t\t\t\t<\/div>\n\t\t<\/div>\n\t\t\t\t<div class=\"elementor-column elementor-col-33 elementor-inner-column elementor-element elementor-element-4922bfe\" data-id=\"4922bfe\" data-element_type=\"column\" data-e-type=\"column\">\n\t\t\t<div class=\"elementor-widget-wrap\">\n\t\t\t\t\t\t\t<\/div>\n\t\t<\/div>\n\t\t\t\t<div class=\"elementor-column elementor-col-33 elementor-inner-column elementor-element elementor-element-bf949a4\" data-id=\"bf949a4\" data-element_type=\"column\" data-e-type=\"column\">\n\t\t\t<div class=\"elementor-widget-wrap\">\n\t\t\t\t\t\t\t<\/div>\n\t\t<\/div>\n\t\t\t\t\t<\/div>\n\t\t<\/section>\n\t\t\t\t\t<\/div>\n\t\t<\/div>\n\t\t\t\t\t<\/div>\n\t\t<\/section>\n\t\t\t\t<\/div>\n\t\t","protected":false},"excerpt":{"rendered":"<p>Tietoa meist\u00e4 Ruotsin urheiluhistoriassa on ennenn\u00e4kem\u00e4t\u00f6n nopeus, jolla hypetykseksi kohonnut maila-urheilulaji padel on laajentunut. Vaikka uusia polkuja tuntuu kasvavan kuin sieni\u00e4 maasta, emme tunnu saavan tarpeeksemme. Nyt esitell\u00e4\u00e4n fiksu, kustannustehokas, helposti koottava ja maailmassa ainutlaatuinen ruotsalainen muotoilu, joka tekee lajista helposti l\u00e4hestytt\u00e4v\u00e4n erilaisissa yhteyksiss\u00e4 ja ymp\u00e4rist\u00f6iss\u00e4. Enn\u00e4tysajassa ja k\u00e4yt\u00e4nn\u00f6ss\u00e4 kaikkialla. Se on kaksi melontaharrastajaa, my\u00f6s [&hellip;]<\/p>\n","protected":false},"author":3,"featured_media":251,"parent":0,"menu_order":0,"comment_status":"closed","ping_status":"closed","template":"","meta":{"_acf_changed":false,"footnotes":""},"class_list":["post-3281","page","type-page","status-publish","has-post-thumbnail","hentry"],"yoast_head":"<!-- This site is optimized with the Yoast SEO plugin v27.5 - https:\/\/yoast.com\/product\/yoast-seo-wordpress\/ -->\n<title>Noin - Instantpadel<\/title>\n<meta name=\"robots\" content=\"index, follow, max-snippet:-1, max-image-preview:large, max-video-preview:-1\" \/>\n<link rel=\"canonical\" href=\"https:\/\/instantcourts.com\/instantpadel\/fi\/noin\/\" \/>\n<meta property=\"og:locale\" content=\"en_US\" \/>\n<meta property=\"og:type\" content=\"article\" \/>\n<meta property=\"og:title\" content=\"Noin - Instantpadel\" \/>\n<meta property=\"og:description\" content=\"Tietoa meist\u00e4 Ruotsin urheiluhistoriassa on ennenn\u00e4kem\u00e4t\u00f6n nopeus, jolla hypetykseksi kohonnut maila-urheilulaji padel on laajentunut. Vaikka uusia polkuja tuntuu kasvavan kuin sieni\u00e4 maasta, emme tunnu saavan tarpeeksemme. Nyt esitell\u00e4\u00e4n fiksu, kustannustehokas, helposti koottava ja maailmassa ainutlaatuinen ruotsalainen muotoilu, joka tekee lajista helposti l\u00e4hestytt\u00e4v\u00e4n erilaisissa yhteyksiss\u00e4 ja ymp\u00e4rist\u00f6iss\u00e4. Enn\u00e4tysajassa ja k\u00e4yt\u00e4nn\u00f6ss\u00e4 kaikkialla. Se on kaksi melontaharrastajaa, my\u00f6s [&hellip;]\" \/>\n<meta property=\"og:url\" content=\"https:\/\/instantcourts.com\/instantpadel\/fi\/noin\/\" \/>\n<meta property=\"og:site_name\" content=\"Instantpadel\" \/>\n<meta property=\"article:publisher\" content=\"https:\/\/www.facebook.com\/Instantpadel\/\" \/>\n<meta property=\"article:modified_time\" content=\"2023-10-31T10:40:44+00:00\" \/>\n<meta property=\"og:image\" content=\"https:\/\/instantcourts.com\/instantpadel\/wp-content\/uploads\/sites\/2\/2021\/08\/Padel-3.webp\" \/>\n\t<meta property=\"og:image:width\" content=\"568\" \/>\n\t<meta property=\"og:image:height\" content=\"426\" \/>\n\t<meta property=\"og:image:type\" content=\"image\/webp\" \/>\n<meta name=\"twitter:card\" content=\"summary_large_image\" \/>\n<meta name=\"twitter:label1\" content=\"Est. reading time\" \/>\n\t<meta name=\"twitter:data1\" content=\"3 minutes\" \/>\n<script type=\"application\/ld+json\" class=\"yoast-schema-graph\">{\"@context\":\"https:\\\/\\\/schema.org\",\"@graph\":[{\"@type\":\"WebPage\",\"@id\":\"https:\\\/\\\/instantcourts.com\\\/instantpadel\\\/fi\\\/noin\\\/\",\"url\":\"https:\\\/\\\/instantcourts.com\\\/instantpadel\\\/fi\\\/noin\\\/\",\"name\":\"Noin - Instantpadel\",\"isPartOf\":{\"@id\":\"https:\\\/\\\/instantcourts.com\\\/instantpadel\\\/#website\"},\"primaryImageOfPage\":{\"@id\":\"https:\\\/\\\/instantcourts.com\\\/instantpadel\\\/fi\\\/noin\\\/#primaryimage\"},\"image\":{\"@id\":\"https:\\\/\\\/instantcourts.com\\\/instantpadel\\\/fi\\\/noin\\\/#primaryimage\"},\"thumbnailUrl\":\"https:\\\/\\\/instantcourts.com\\\/instantpadel\\\/wp-content\\\/uploads\\\/sites\\\/2\\\/2021\\\/08\\\/Padel-3.webp\",\"datePublished\":\"2021-12-22T10:52:28+00:00\",\"dateModified\":\"2023-10-31T10:40:44+00:00\",\"breadcrumb\":{\"@id\":\"https:\\\/\\\/instantcourts.com\\\/instantpadel\\\/fi\\\/noin\\\/#breadcrumb\"},\"inLanguage\":\"en-US\",\"potentialAction\":[{\"@type\":\"ReadAction\",\"target\":[\"https:\\\/\\\/instantcourts.com\\\/instantpadel\\\/fi\\\/noin\\\/\"]}]},{\"@type\":\"ImageObject\",\"inLanguage\":\"en-US\",\"@id\":\"https:\\\/\\\/instantcourts.com\\\/instantpadel\\\/fi\\\/noin\\\/#primaryimage\",\"url\":\"https:\\\/\\\/instantcourts.com\\\/instantpadel\\\/wp-content\\\/uploads\\\/sites\\\/2\\\/2021\\\/08\\\/Padel-3.webp\",\"contentUrl\":\"https:\\\/\\\/instantcourts.com\\\/instantpadel\\\/wp-content\\\/uploads\\\/sites\\\/2\\\/2021\\\/08\\\/Padel-3.webp\",\"width\":568,\"height\":426},{\"@type\":\"BreadcrumbList\",\"@id\":\"https:\\\/\\\/instantcourts.com\\\/instantpadel\\\/fi\\\/noin\\\/#breadcrumb\",\"itemListElement\":[{\"@type\":\"ListItem\",\"position\":1,\"name\":\"Home\",\"item\":\"https:\\\/\\\/instantcourts.com\\\/instantpadel\\\/\"},{\"@type\":\"ListItem\",\"position\":2,\"name\":\"Noin\"}]},{\"@type\":\"WebSite\",\"@id\":\"https:\\\/\\\/instantcourts.com\\\/instantpadel\\\/#website\",\"url\":\"https:\\\/\\\/instantcourts.com\\\/instantpadel\\\/\",\"name\":\"Instantpadel\",\"description\":\"Padel Courts the clever way\",\"publisher\":{\"@id\":\"https:\\\/\\\/instantcourts.com\\\/instantpadel\\\/#organization\"},\"potentialAction\":[{\"@type\":\"SearchAction\",\"target\":{\"@type\":\"EntryPoint\",\"urlTemplate\":\"https:\\\/\\\/instantcourts.com\\\/instantpadel\\\/?s={search_term_string}\"},\"query-input\":{\"@type\":\"PropertyValueSpecification\",\"valueRequired\":true,\"valueName\":\"search_term_string\"}}],\"inLanguage\":\"en-US\"},{\"@type\":\"Organization\",\"@id\":\"https:\\\/\\\/instantcourts.com\\\/instantpadel\\\/#organization\",\"name\":\"Instantpadel\",\"url\":\"https:\\\/\\\/instantcourts.com\\\/instantpadel\\\/\",\"logo\":{\"@type\":\"ImageObject\",\"inLanguage\":\"en-US\",\"@id\":\"https:\\\/\\\/instantcourts.com\\\/instantpadel\\\/#\\\/schema\\\/logo\\\/image\\\/\",\"url\":\"https:\\\/\\\/instantcourts.com\\\/instantpadel\\\/wp-content\\\/uploads\\\/sites\\\/2\\\/Instantpadel.webp\",\"contentUrl\":\"https:\\\/\\\/instantcourts.com\\\/instantpadel\\\/wp-content\\\/uploads\\\/sites\\\/2\\\/Instantpadel.webp\",\"width\":2048,\"height\":2048,\"caption\":\"Instantpadel\"},\"image\":{\"@id\":\"https:\\\/\\\/instantcourts.com\\\/instantpadel\\\/#\\\/schema\\\/logo\\\/image\\\/\"},\"sameAs\":[\"https:\\\/\\\/www.facebook.com\\\/Instantpadel\\\/\",\"https:\\\/\\\/www.instagram.com\\\/instantpadel.eu\\\/\",\"https:\\\/\\\/in.linkedin.com\\\/company\\\/instantpadel\"]}]}<\/script>\n<!-- \/ Yoast SEO plugin. -->","yoast_head_json":{"title":"Noin - Instantpadel","robots":{"index":"index","follow":"follow","max-snippet":"max-snippet:-1","max-image-preview":"max-image-preview:large","max-video-preview":"max-video-preview:-1"},"canonical":"https:\/\/instantcourts.com\/instantpadel\/fi\/noin\/","og_locale":"en_US","og_type":"article","og_title":"Noin - Instantpadel","og_description":"Tietoa meist\u00e4 Ruotsin urheiluhistoriassa on ennenn\u00e4kem\u00e4t\u00f6n nopeus, jolla hypetykseksi kohonnut maila-urheilulaji padel on laajentunut. Vaikka uusia polkuja tuntuu kasvavan kuin sieni\u00e4 maasta, emme tunnu saavan tarpeeksemme. Nyt esitell\u00e4\u00e4n fiksu, kustannustehokas, helposti koottava ja maailmassa ainutlaatuinen ruotsalainen muotoilu, joka tekee lajista helposti l\u00e4hestytt\u00e4v\u00e4n erilaisissa yhteyksiss\u00e4 ja ymp\u00e4rist\u00f6iss\u00e4. Enn\u00e4tysajassa ja k\u00e4yt\u00e4nn\u00f6ss\u00e4 kaikkialla. Se on kaksi melontaharrastajaa, my\u00f6s [&hellip;]","og_url":"https:\/\/instantcourts.com\/instantpadel\/fi\/noin\/","og_site_name":"Instantpadel","article_publisher":"https:\/\/www.facebook.com\/Instantpadel\/","article_modified_time":"2023-10-31T10:40:44+00:00","og_image":[{"width":568,"height":426,"url":"https:\/\/instantcourts.com\/instantpadel\/wp-content\/uploads\/sites\/2\/2021\/08\/Padel-3.webp","type":"image\/webp"}],"twitter_card":"summary_large_image","twitter_misc":{"Est. reading time":"3 minutes"},"schema":{"@context":"https:\/\/schema.org","@graph":[{"@type":"WebPage","@id":"https:\/\/instantcourts.com\/instantpadel\/fi\/noin\/","url":"https:\/\/instantcourts.com\/instantpadel\/fi\/noin\/","name":"Noin - Instantpadel","isPartOf":{"@id":"https:\/\/instantcourts.com\/instantpadel\/#website"},"primaryImageOfPage":{"@id":"https:\/\/instantcourts.com\/instantpadel\/fi\/noin\/#primaryimage"},"image":{"@id":"https:\/\/instantcourts.com\/instantpadel\/fi\/noin\/#primaryimage"},"thumbnailUrl":"https:\/\/instantcourts.com\/instantpadel\/wp-content\/uploads\/sites\/2\/2021\/08\/Padel-3.webp","datePublished":"2021-12-22T10:52:28+00:00","dateModified":"2023-10-31T10:40:44+00:00","breadcrumb":{"@id":"https:\/\/instantcourts.com\/instantpadel\/fi\/noin\/#breadcrumb"},"inLanguage":"en-US","potentialAction":[{"@type":"ReadAction","target":["https:\/\/instantcourts.com\/instantpadel\/fi\/noin\/"]}]},{"@type":"ImageObject","inLanguage":"en-US","@id":"https:\/\/instantcourts.com\/instantpadel\/fi\/noin\/#primaryimage","url":"https:\/\/instantcourts.com\/instantpadel\/wp-content\/uploads\/sites\/2\/2021\/08\/Padel-3.webp","contentUrl":"https:\/\/instantcourts.com\/instantpadel\/wp-content\/uploads\/sites\/2\/2021\/08\/Padel-3.webp","width":568,"height":426},{"@type":"BreadcrumbList","@id":"https:\/\/instantcourts.com\/instantpadel\/fi\/noin\/#breadcrumb","itemListElement":[{"@type":"ListItem","position":1,"name":"Home","item":"https:\/\/instantcourts.com\/instantpadel\/"},{"@type":"ListItem","position":2,"name":"Noin"}]},{"@type":"WebSite","@id":"https:\/\/instantcourts.com\/instantpadel\/#website","url":"https:\/\/instantcourts.com\/instantpadel\/","name":"Instantpadel","description":"Padel Courts the clever way","publisher":{"@id":"https:\/\/instantcourts.com\/instantpadel\/#organization"},"potentialAction":[{"@type":"SearchAction","target":{"@type":"EntryPoint","urlTemplate":"https:\/\/instantcourts.com\/instantpadel\/?s={search_term_string}"},"query-input":{"@type":"PropertyValueSpecification","valueRequired":true,"valueName":"search_term_string"}}],"inLanguage":"en-US"},{"@type":"Organization","@id":"https:\/\/instantcourts.com\/instantpadel\/#organization","name":"Instantpadel","url":"https:\/\/instantcourts.com\/instantpadel\/","logo":{"@type":"ImageObject","inLanguage":"en-US","@id":"https:\/\/instantcourts.com\/instantpadel\/#\/schema\/logo\/image\/","url":"https:\/\/instantcourts.com\/instantpadel\/wp-content\/uploads\/sites\/2\/Instantpadel.webp","contentUrl":"https:\/\/instantcourts.com\/instantpadel\/wp-content\/uploads\/sites\/2\/Instantpadel.webp","width":2048,"height":2048,"caption":"Instantpadel"},"image":{"@id":"https:\/\/instantcourts.com\/instantpadel\/#\/schema\/logo\/image\/"},"sameAs":["https:\/\/www.facebook.com\/Instantpadel\/","https:\/\/www.instagram.com\/instantpadel.eu\/","https:\/\/in.linkedin.com\/company\/instantpadel"]}]}},"acf":[],"_links":{"self":[{"href":"https:\/\/instantcourts.com\/instantpadel\/wp-json\/wp\/v2\/pages\/3281","targetHints":{"allow":["GET"]}}],"collection":[{"href":"https:\/\/instantcourts.com\/instantpadel\/wp-json\/wp\/v2\/pages"}],"about":[{"href":"https:\/\/instantcourts.com\/instantpadel\/wp-json\/wp\/v2\/types\/page"}],"author":[{"embeddable":true,"href":"https:\/\/instantcourts.com\/instantpadel\/wp-json\/wp\/v2\/users\/3"}],"replies":[{"embeddable":true,"href":"https:\/\/instantcourts.com\/instantpadel\/wp-json\/wp\/v2\/comments?post=3281"}],"version-history":[{"count":2,"href":"https:\/\/instantcourts.com\/instantpadel\/wp-json\/wp\/v2\/pages\/3281\/revisions"}],"predecessor-version":[{"id":8047,"href":"https:\/\/instantcourts.com\/instantpadel\/wp-json\/wp\/v2\/pages\/3281\/revisions\/8047"}],"wp:featuredmedia":[{"embeddable":true,"href":"https:\/\/instantcourts.com\/instantpadel\/wp-json\/wp\/v2\/media\/251"}],"wp:attachment":[{"href":"https:\/\/instantcourts.com\/instantpadel\/wp-json\/wp\/v2\/media?parent=3281"}],"curies":[{"name":"wp","href":"https:\/\/api.w.org\/{rel}","templated":true}]}}