{"id":3309,"date":"2021-12-22T11:01:33","date_gmt":"2021-12-22T11:01:33","guid":{"rendered":"https:\/\/instantpadel.eu\/?page_id=3309"},"modified":"2022-09-13T14:18:05","modified_gmt":"2022-09-13T14:18:05","slug":"vieraanvaraisuuteen-ja-kiinteistoihin","status":"publish","type":"page","link":"https:\/\/instantcourts.com\/instantpadel\/fi\/vieraanvaraisuuteen-ja-kiinteistoihin\/","title":{"rendered":"Vieraanvaraisuuteen ja kiinteist\u00f6ihin"},"content":{"rendered":"\t\t<div data-elementor-type=\"wp-page\" data-elementor-id=\"3309\" class=\"elementor elementor-3309\" data-elementor-post-type=\"page\">\n\t\t\t\t\t\t<section class=\"elementor-section elementor-top-section elementor-element elementor-element-6a4fe4f elementor-section-boxed elementor-section-height-default elementor-section-height-default\" data-id=\"6a4fe4f\" data-element_type=\"section\" data-e-type=\"section\">\n\t\t\t\t\t\t<div class=\"elementor-container elementor-column-gap-default\">\n\t\t\t\t\t<div class=\"elementor-column elementor-col-100 elementor-top-column elementor-element elementor-element-f53f415\" data-id=\"f53f415\" data-element_type=\"column\" data-e-type=\"column\">\n\t\t\t<div class=\"elementor-widget-wrap elementor-element-populated\">\n\t\t\t\t\t\t<div class=\"elementor-element elementor-element-6fcbd35 elementor-widget elementor-widget-text-editor\" data-id=\"6fcbd35\" data-element_type=\"widget\" data-e-type=\"widget\" data-widget_type=\"text-editor.default\">\n\t\t\t\t<div class=\"elementor-widget-container\">\n\t\t\t\t\t\t\t\t\t<p><\/p><p>Helposti asennettavat modulaariset Instantpadel Courts -mallit mahdollistavat nopean asennuksen. N\u00e4in padelia voidaan pelata viikon, kuukauden, osan kes\u00e4kautta tai ymp\u00e4ri vuoden. Koska asennus voidaan tehd\u00e4 sek\u00e4 sis\u00e4- ett\u00e4 ulkotiloissa, Instantpadel-kentti\u00e4 voidaan k\u00e4ytt\u00e4\u00e4 miss\u00e4 tahansa.<\/p><p>Padel on maailman nopeimmin kasvava urheilulaji, ja t\u00e4m\u00e4n urheilulajin harrastamisen helpottaminen lis\u00e4\u00e4 tulovirtoja ja lis\u00e4arvoa hotelleille, lomapuistoille tai kerrostaloille. Matalan kahdeksan ja modulaarisen kokoonpanon ansiosta voidaan rakentaa sek\u00e4 juuripaikoille ett\u00e4 kellareihin, olemassa oleville tenniskentille tai parkkipaikoille ja hy\u00f6dynt\u00e4\u00e4 t\u00e4t\u00e4 potentiaalia helposti.<\/p><p>Modulaarinen rakenne ilman raskaita maanrakennust\u00f6it\u00e4 tarkoittaa my\u00f6s sit\u00e4, ett\u00e4 useimmissa tapauksissa ei tarvita rakennuslupaa. N\u00e4in ollen on helppo toimia nopeasti ilman vaivaa.<\/p><p>Ota meihin yhteytt\u00e4 <a href=\"https:\/\/instantcourts.test\/instantpadel\/buy\/\" data-type=\"page\" data-id=\"294\">lainaus<\/a><\/p><p><\/p><p><\/p><figure class=\"wp-block-gallery columns-3 is-cropped wp-block-gallery-2 is-layout-flex wp-block-gallery-is-layout-flex\"><ul class=\"blocks-gallery-grid\"><li class=\"blocks-gallery-item\"><figure><a href=\"https:\/\/instantcourts.test\/instantpadel\/wp-content\/uploads\/2021\/08\/WhatsApp-Image-2021-07-29-at-11.16.38.jpeg\"><img fetchpriority=\"high\" decoding=\"async\" width=\"1024\" height=\"682\" class=\"wp-image-229\" src=\"https:\/\/instantcourts.test\/instantpadel\/wp-content\/uploads\/2021\/08\/WhatsApp-Image-2021-07-29-at-11.16.38-1024x682.jpeg\" alt=\"\" data-id=\"229\" data-full-url=\"https:\/\/instantcourts.test\/instantpadel\/wp-content\/uploads\/2021\/08\/WhatsApp-Image-2021-07-29-at-11.16.38.jpeg\" data-link=\"https:\/\/instantcourts.test\/instantpadel\/en\/leisure\/whatsapp-image-2021-07-29-at-11-16-38\/\" srcset=\"https:\/\/instantcourts.com\/instantpadel\/wp-content\/uploads\/sites\/2\/2021\/08\/WhatsApp-Image-2021-07-29-at-11.16.38-1024x682.jpeg 1024w, https:\/\/instantcourts.com\/instantpadel\/wp-content\/uploads\/sites\/2\/2021\/08\/WhatsApp-Image-2021-07-29-at-11.16.38-300x200.jpeg 300w, https:\/\/instantcourts.com\/instantpadel\/wp-content\/uploads\/sites\/2\/2021\/08\/WhatsApp-Image-2021-07-29-at-11.16.38-768x512.jpeg 768w, https:\/\/instantcourts.com\/instantpadel\/wp-content\/uploads\/sites\/2\/2021\/08\/WhatsApp-Image-2021-07-29-at-11.16.38-1536x1023.jpeg 1536w, https:\/\/instantcourts.com\/instantpadel\/wp-content\/uploads\/sites\/2\/2021\/08\/WhatsApp-Image-2021-07-29-at-11.16.38-600x400.jpeg 600w, https:\/\/instantcourts.com\/instantpadel\/wp-content\/uploads\/sites\/2\/2021\/08\/WhatsApp-Image-2021-07-29-at-11.16.38.jpeg 1600w\" sizes=\"(max-width: 1024px) 100vw, 1024px\" \/><\/a><\/figure><\/li><li class=\"blocks-gallery-item\"><figure><a href=\"https:\/\/instantcourts.test\/instantpadel\/wp-content\/uploads\/2021\/08\/WhatsApp-Image-2021-07-29-at-11.16.39.jpeg\"><img decoding=\"async\" width=\"1024\" height=\"682\" class=\"wp-image-230\" src=\"https:\/\/instantcourts.test\/instantpadel\/wp-content\/uploads\/2021\/08\/WhatsApp-Image-2021-07-29-at-11.16.39-1024x682.jpeg\" alt=\"\" data-id=\"230\" data-full-url=\"https:\/\/instantcourts.test\/instantpadel\/wp-content\/uploads\/2021\/08\/WhatsApp-Image-2021-07-29-at-11.16.39.jpeg\" data-link=\"https:\/\/instantcourts.test\/instantpadel\/en\/leisure\/whatsapp-image-2021-07-29-at-11-16-39-2\/\" srcset=\"https:\/\/instantcourts.com\/instantpadel\/wp-content\/uploads\/sites\/2\/2021\/08\/WhatsApp-Image-2021-07-29-at-11.16.39-1024x682.jpeg 1024w, https:\/\/instantcourts.com\/instantpadel\/wp-content\/uploads\/sites\/2\/2021\/08\/WhatsApp-Image-2021-07-29-at-11.16.39-300x200.jpeg 300w, https:\/\/instantcourts.com\/instantpadel\/wp-content\/uploads\/sites\/2\/2021\/08\/WhatsApp-Image-2021-07-29-at-11.16.39-768x512.jpeg 768w, https:\/\/instantcourts.com\/instantpadel\/wp-content\/uploads\/sites\/2\/2021\/08\/WhatsApp-Image-2021-07-29-at-11.16.39-1536x1023.jpeg 1536w, https:\/\/instantcourts.com\/instantpadel\/wp-content\/uploads\/sites\/2\/2021\/08\/WhatsApp-Image-2021-07-29-at-11.16.39-600x400.jpeg 600w, https:\/\/instantcourts.com\/instantpadel\/wp-content\/uploads\/sites\/2\/2021\/08\/WhatsApp-Image-2021-07-29-at-11.16.39.jpeg 1600w\" sizes=\"(max-width: 1024px) 100vw, 1024px\" \/><\/a><\/figure><\/li><li class=\"blocks-gallery-item\"><figure><a href=\"https:\/\/instantcourts.test\/instantpadel\/wp-content\/uploads\/2021\/08\/WhatsApp-Image-2021-07-29-at-11.16.41.jpeg\"><img decoding=\"async\" width=\"1024\" height=\"636\" class=\"wp-image-231\" src=\"https:\/\/instantcourts.test\/instantpadel\/wp-content\/uploads\/2021\/08\/WhatsApp-Image-2021-07-29-at-11.16.41-1024x636.jpeg\" alt=\"\" data-id=\"231\" data-full-url=\"https:\/\/instantcourts.test\/instantpadel\/wp-content\/uploads\/2021\/08\/WhatsApp-Image-2021-07-29-at-11.16.41.jpeg\" data-link=\"https:\/\/instantcourts.test\/instantpadel\/en\/leisure\/whatsapp-image-2021-07-29-at-11-16-41\/\" srcset=\"https:\/\/instantcourts.com\/instantpadel\/wp-content\/uploads\/sites\/2\/2021\/08\/WhatsApp-Image-2021-07-29-at-11.16.41-1024x636.jpeg 1024w, https:\/\/instantcourts.com\/instantpadel\/wp-content\/uploads\/sites\/2\/2021\/08\/WhatsApp-Image-2021-07-29-at-11.16.41-300x186.jpeg 300w, https:\/\/instantcourts.com\/instantpadel\/wp-content\/uploads\/sites\/2\/2021\/08\/WhatsApp-Image-2021-07-29-at-11.16.41-768x477.jpeg 768w, https:\/\/instantcourts.com\/instantpadel\/wp-content\/uploads\/sites\/2\/2021\/08\/WhatsApp-Image-2021-07-29-at-11.16.41-1536x954.jpeg 1536w, https:\/\/instantcourts.com\/instantpadel\/wp-content\/uploads\/sites\/2\/2021\/08\/WhatsApp-Image-2021-07-29-at-11.16.41-600x373.jpeg 600w, https:\/\/instantcourts.com\/instantpadel\/wp-content\/uploads\/sites\/2\/2021\/08\/WhatsApp-Image-2021-07-29-at-11.16.41.jpeg 1600w\" sizes=\"(max-width: 1024px) 100vw, 1024px\" \/><\/a><\/figure><\/li><\/ul><\/figure><p><\/p>\t\t\t\t\t\t\t\t<\/div>\n\t\t\t\t<\/div>\n\t\t\t\t\t<\/div>\n\t\t<\/div>\n\t\t\t\t\t<\/div>\n\t\t<\/section>\n\t\t\t\t<\/div>\n\t\t","protected":false},"excerpt":{"rendered":"<p>Helposti asennettavat modulaariset Instantpadel Courts -mallit mahdollistavat nopean asennuksen. N\u00e4in padelia voidaan pelata viikon, kuukauden, osan kes\u00e4kautta tai ymp\u00e4ri vuoden. Koska asennus voidaan tehd\u00e4 sek\u00e4 sis\u00e4- ett\u00e4 ulkotiloissa, Instantpadel-kentti\u00e4 voidaan k\u00e4ytt\u00e4\u00e4 miss\u00e4 tahansa. Padel on maailman nopeimmin kasvava urheilulaji, ja t\u00e4m\u00e4n urheilulajin harrastamisen helpottaminen lis\u00e4\u00e4 tulovirtoja ja lis\u00e4arvoa hotelleille, lomapuistoille tai kerrostaloille. Matalan kahdeksan ja [&hellip;]<\/p>\n","protected":false},"author":3,"featured_media":5094,"parent":0,"menu_order":0,"comment_status":"closed","ping_status":"closed","template":"","meta":{"_acf_changed":false,"footnotes":""},"class_list":["post-3309","page","type-page","status-publish","has-post-thumbnail","hentry"],"yoast_head":"<!-- This site is optimized with the Yoast SEO plugin v27.4 - https:\/\/yoast.com\/product\/yoast-seo-wordpress\/ -->\n<title>Vieraanvaraisuuteen ja kiinteist\u00f6ihin - Instantpadel<\/title>\n<meta name=\"robots\" content=\"index, follow, max-snippet:-1, max-image-preview:large, max-video-preview:-1\" \/>\n<link rel=\"canonical\" href=\"https:\/\/instantcourts.com\/instantpadel\/fi\/vieraanvaraisuuteen-ja-kiinteistoihin\/\" \/>\n<meta property=\"og:locale\" content=\"en_US\" \/>\n<meta property=\"og:type\" content=\"article\" \/>\n<meta property=\"og:title\" content=\"Vieraanvaraisuuteen ja kiinteist\u00f6ihin - Instantpadel\" \/>\n<meta property=\"og:description\" content=\"Helposti asennettavat modulaariset Instantpadel Courts -mallit mahdollistavat nopean asennuksen. N\u00e4in padelia voidaan pelata viikon, kuukauden, osan kes\u00e4kautta tai ymp\u00e4ri vuoden. Koska asennus voidaan tehd\u00e4 sek\u00e4 sis\u00e4- ett\u00e4 ulkotiloissa, Instantpadel-kentti\u00e4 voidaan k\u00e4ytt\u00e4\u00e4 miss\u00e4 tahansa. Padel on maailman nopeimmin kasvava urheilulaji, ja t\u00e4m\u00e4n urheilulajin harrastamisen helpottaminen lis\u00e4\u00e4 tulovirtoja ja lis\u00e4arvoa hotelleille, lomapuistoille tai kerrostaloille. Matalan kahdeksan ja [&hellip;]\" \/>\n<meta property=\"og:url\" content=\"https:\/\/instantcourts.com\/instantpadel\/fi\/vieraanvaraisuuteen-ja-kiinteistoihin\/\" \/>\n<meta property=\"og:site_name\" content=\"Instantpadel\" \/>\n<meta property=\"article:publisher\" content=\"https:\/\/www.facebook.com\/Instantpadel\/\" \/>\n<meta property=\"article:modified_time\" content=\"2022-09-13T14:18:05+00:00\" \/>\n<meta property=\"og:image\" content=\"https:\/\/instantcourts.com\/instantpadel\/wp-content\/uploads\/sites\/2\/Hospitality-Event-Padel-Court-web.png\" \/>\n\t<meta property=\"og:image:width\" content=\"1024\" \/>\n\t<meta property=\"og:image:height\" content=\"682\" \/>\n\t<meta property=\"og:image:type\" content=\"image\/png\" \/>\n<meta name=\"twitter:card\" content=\"summary_large_image\" \/>\n<meta name=\"twitter:label1\" content=\"Est. reading time\" \/>\n\t<meta name=\"twitter:data1\" content=\"2 minutes\" \/>\n<script type=\"application\/ld+json\" class=\"yoast-schema-graph\">{\"@context\":\"https:\\\/\\\/schema.org\",\"@graph\":[{\"@type\":\"WebPage\",\"@id\":\"https:\\\/\\\/instantcourts.com\\\/instantpadel\\\/fi\\\/vieraanvaraisuuteen-ja-kiinteistoihin\\\/\",\"url\":\"https:\\\/\\\/instantcourts.com\\\/instantpadel\\\/fi\\\/vieraanvaraisuuteen-ja-kiinteistoihin\\\/\",\"name\":\"Vieraanvaraisuuteen ja kiinteist\u00f6ihin - Instantpadel\",\"isPartOf\":{\"@id\":\"https:\\\/\\\/instantcourts.com\\\/instantpadel\\\/#website\"},\"primaryImageOfPage\":{\"@id\":\"https:\\\/\\\/instantcourts.com\\\/instantpadel\\\/fi\\\/vieraanvaraisuuteen-ja-kiinteistoihin\\\/#primaryimage\"},\"image\":{\"@id\":\"https:\\\/\\\/instantcourts.com\\\/instantpadel\\\/fi\\\/vieraanvaraisuuteen-ja-kiinteistoihin\\\/#primaryimage\"},\"thumbnailUrl\":\"https:\\\/\\\/instantcourts.com\\\/instantpadel\\\/wp-content\\\/uploads\\\/sites\\\/2\\\/Hospitality-Event-Padel-Court-web.png\",\"datePublished\":\"2021-12-22T11:01:33+00:00\",\"dateModified\":\"2022-09-13T14:18:05+00:00\",\"breadcrumb\":{\"@id\":\"https:\\\/\\\/instantcourts.com\\\/instantpadel\\\/fi\\\/vieraanvaraisuuteen-ja-kiinteistoihin\\\/#breadcrumb\"},\"inLanguage\":\"en-US\",\"potentialAction\":[{\"@type\":\"ReadAction\",\"target\":[\"https:\\\/\\\/instantcourts.com\\\/instantpadel\\\/fi\\\/vieraanvaraisuuteen-ja-kiinteistoihin\\\/\"]}]},{\"@type\":\"ImageObject\",\"inLanguage\":\"en-US\",\"@id\":\"https:\\\/\\\/instantcourts.com\\\/instantpadel\\\/fi\\\/vieraanvaraisuuteen-ja-kiinteistoihin\\\/#primaryimage\",\"url\":\"https:\\\/\\\/instantcourts.com\\\/instantpadel\\\/wp-content\\\/uploads\\\/sites\\\/2\\\/Hospitality-Event-Padel-Court-web.png\",\"contentUrl\":\"https:\\\/\\\/instantcourts.com\\\/instantpadel\\\/wp-content\\\/uploads\\\/sites\\\/2\\\/Hospitality-Event-Padel-Court-web.png\",\"width\":1024,\"height\":682,\"caption\":\"Hospitality and events padel cour\"},{\"@type\":\"BreadcrumbList\",\"@id\":\"https:\\\/\\\/instantcourts.com\\\/instantpadel\\\/fi\\\/vieraanvaraisuuteen-ja-kiinteistoihin\\\/#breadcrumb\",\"itemListElement\":[{\"@type\":\"ListItem\",\"position\":1,\"name\":\"Home\",\"item\":\"https:\\\/\\\/instantcourts.com\\\/instantpadel\\\/\"},{\"@type\":\"ListItem\",\"position\":2,\"name\":\"Vieraanvaraisuuteen ja kiinteist\u00f6ihin\"}]},{\"@type\":\"WebSite\",\"@id\":\"https:\\\/\\\/instantcourts.com\\\/instantpadel\\\/#website\",\"url\":\"https:\\\/\\\/instantcourts.com\\\/instantpadel\\\/\",\"name\":\"Instantpadel\",\"description\":\"Padel Courts the clever way\",\"publisher\":{\"@id\":\"https:\\\/\\\/instantcourts.com\\\/instantpadel\\\/#organization\"},\"potentialAction\":[{\"@type\":\"SearchAction\",\"target\":{\"@type\":\"EntryPoint\",\"urlTemplate\":\"https:\\\/\\\/instantcourts.com\\\/instantpadel\\\/?s={search_term_string}\"},\"query-input\":{\"@type\":\"PropertyValueSpecification\",\"valueRequired\":true,\"valueName\":\"search_term_string\"}}],\"inLanguage\":\"en-US\"},{\"@type\":\"Organization\",\"@id\":\"https:\\\/\\\/instantcourts.com\\\/instantpadel\\\/#organization\",\"name\":\"Instantpadel\",\"url\":\"https:\\\/\\\/instantcourts.com\\\/instantpadel\\\/\",\"logo\":{\"@type\":\"ImageObject\",\"inLanguage\":\"en-US\",\"@id\":\"https:\\\/\\\/instantcourts.com\\\/instantpadel\\\/#\\\/schema\\\/logo\\\/image\\\/\",\"url\":\"https:\\\/\\\/instantcourts.com\\\/instantpadel\\\/wp-content\\\/uploads\\\/sites\\\/2\\\/Instantpadel.webp\",\"contentUrl\":\"https:\\\/\\\/instantcourts.com\\\/instantpadel\\\/wp-content\\\/uploads\\\/sites\\\/2\\\/Instantpadel.webp\",\"width\":2048,\"height\":2048,\"caption\":\"Instantpadel\"},\"image\":{\"@id\":\"https:\\\/\\\/instantcourts.com\\\/instantpadel\\\/#\\\/schema\\\/logo\\\/image\\\/\"},\"sameAs\":[\"https:\\\/\\\/www.facebook.com\\\/Instantpadel\\\/\",\"https:\\\/\\\/www.instagram.com\\\/instantpadel.eu\\\/\",\"https:\\\/\\\/in.linkedin.com\\\/company\\\/instantpadel\"]}]}<\/script>\n<!-- \/ Yoast SEO plugin. -->","yoast_head_json":{"title":"Vieraanvaraisuuteen ja kiinteist\u00f6ihin - Instantpadel","robots":{"index":"index","follow":"follow","max-snippet":"max-snippet:-1","max-image-preview":"max-image-preview:large","max-video-preview":"max-video-preview:-1"},"canonical":"https:\/\/instantcourts.com\/instantpadel\/fi\/vieraanvaraisuuteen-ja-kiinteistoihin\/","og_locale":"en_US","og_type":"article","og_title":"Vieraanvaraisuuteen ja kiinteist\u00f6ihin - Instantpadel","og_description":"Helposti asennettavat modulaariset Instantpadel Courts -mallit mahdollistavat nopean asennuksen. N\u00e4in padelia voidaan pelata viikon, kuukauden, osan kes\u00e4kautta tai ymp\u00e4ri vuoden. Koska asennus voidaan tehd\u00e4 sek\u00e4 sis\u00e4- ett\u00e4 ulkotiloissa, Instantpadel-kentti\u00e4 voidaan k\u00e4ytt\u00e4\u00e4 miss\u00e4 tahansa. Padel on maailman nopeimmin kasvava urheilulaji, ja t\u00e4m\u00e4n urheilulajin harrastamisen helpottaminen lis\u00e4\u00e4 tulovirtoja ja lis\u00e4arvoa hotelleille, lomapuistoille tai kerrostaloille. Matalan kahdeksan ja [&hellip;]","og_url":"https:\/\/instantcourts.com\/instantpadel\/fi\/vieraanvaraisuuteen-ja-kiinteistoihin\/","og_site_name":"Instantpadel","article_publisher":"https:\/\/www.facebook.com\/Instantpadel\/","article_modified_time":"2022-09-13T14:18:05+00:00","og_image":[{"width":1024,"height":682,"url":"https:\/\/instantcourts.com\/instantpadel\/wp-content\/uploads\/sites\/2\/Hospitality-Event-Padel-Court-web.png","type":"image\/png"}],"twitter_card":"summary_large_image","twitter_misc":{"Est. reading time":"2 minutes"},"schema":{"@context":"https:\/\/schema.org","@graph":[{"@type":"WebPage","@id":"https:\/\/instantcourts.com\/instantpadel\/fi\/vieraanvaraisuuteen-ja-kiinteistoihin\/","url":"https:\/\/instantcourts.com\/instantpadel\/fi\/vieraanvaraisuuteen-ja-kiinteistoihin\/","name":"Vieraanvaraisuuteen ja kiinteist\u00f6ihin - Instantpadel","isPartOf":{"@id":"https:\/\/instantcourts.com\/instantpadel\/#website"},"primaryImageOfPage":{"@id":"https:\/\/instantcourts.com\/instantpadel\/fi\/vieraanvaraisuuteen-ja-kiinteistoihin\/#primaryimage"},"image":{"@id":"https:\/\/instantcourts.com\/instantpadel\/fi\/vieraanvaraisuuteen-ja-kiinteistoihin\/#primaryimage"},"thumbnailUrl":"https:\/\/instantcourts.com\/instantpadel\/wp-content\/uploads\/sites\/2\/Hospitality-Event-Padel-Court-web.png","datePublished":"2021-12-22T11:01:33+00:00","dateModified":"2022-09-13T14:18:05+00:00","breadcrumb":{"@id":"https:\/\/instantcourts.com\/instantpadel\/fi\/vieraanvaraisuuteen-ja-kiinteistoihin\/#breadcrumb"},"inLanguage":"en-US","potentialAction":[{"@type":"ReadAction","target":["https:\/\/instantcourts.com\/instantpadel\/fi\/vieraanvaraisuuteen-ja-kiinteistoihin\/"]}]},{"@type":"ImageObject","inLanguage":"en-US","@id":"https:\/\/instantcourts.com\/instantpadel\/fi\/vieraanvaraisuuteen-ja-kiinteistoihin\/#primaryimage","url":"https:\/\/instantcourts.com\/instantpadel\/wp-content\/uploads\/sites\/2\/Hospitality-Event-Padel-Court-web.png","contentUrl":"https:\/\/instantcourts.com\/instantpadel\/wp-content\/uploads\/sites\/2\/Hospitality-Event-Padel-Court-web.png","width":1024,"height":682,"caption":"Hospitality and events padel cour"},{"@type":"BreadcrumbList","@id":"https:\/\/instantcourts.com\/instantpadel\/fi\/vieraanvaraisuuteen-ja-kiinteistoihin\/#breadcrumb","itemListElement":[{"@type":"ListItem","position":1,"name":"Home","item":"https:\/\/instantcourts.com\/instantpadel\/"},{"@type":"ListItem","position":2,"name":"Vieraanvaraisuuteen ja kiinteist\u00f6ihin"}]},{"@type":"WebSite","@id":"https:\/\/instantcourts.com\/instantpadel\/#website","url":"https:\/\/instantcourts.com\/instantpadel\/","name":"Instantpadel","description":"Padel Courts the clever way","publisher":{"@id":"https:\/\/instantcourts.com\/instantpadel\/#organization"},"potentialAction":[{"@type":"SearchAction","target":{"@type":"EntryPoint","urlTemplate":"https:\/\/instantcourts.com\/instantpadel\/?s={search_term_string}"},"query-input":{"@type":"PropertyValueSpecification","valueRequired":true,"valueName":"search_term_string"}}],"inLanguage":"en-US"},{"@type":"Organization","@id":"https:\/\/instantcourts.com\/instantpadel\/#organization","name":"Instantpadel","url":"https:\/\/instantcourts.com\/instantpadel\/","logo":{"@type":"ImageObject","inLanguage":"en-US","@id":"https:\/\/instantcourts.com\/instantpadel\/#\/schema\/logo\/image\/","url":"https:\/\/instantcourts.com\/instantpadel\/wp-content\/uploads\/sites\/2\/Instantpadel.webp","contentUrl":"https:\/\/instantcourts.com\/instantpadel\/wp-content\/uploads\/sites\/2\/Instantpadel.webp","width":2048,"height":2048,"caption":"Instantpadel"},"image":{"@id":"https:\/\/instantcourts.com\/instantpadel\/#\/schema\/logo\/image\/"},"sameAs":["https:\/\/www.facebook.com\/Instantpadel\/","https:\/\/www.instagram.com\/instantpadel.eu\/","https:\/\/in.linkedin.com\/company\/instantpadel"]}]}},"acf":[],"_links":{"self":[{"href":"https:\/\/instantcourts.com\/instantpadel\/wp-json\/wp\/v2\/pages\/3309","targetHints":{"allow":["GET"]}}],"collection":[{"href":"https:\/\/instantcourts.com\/instantpadel\/wp-json\/wp\/v2\/pages"}],"about":[{"href":"https:\/\/instantcourts.com\/instantpadel\/wp-json\/wp\/v2\/types\/page"}],"author":[{"embeddable":true,"href":"https:\/\/instantcourts.com\/instantpadel\/wp-json\/wp\/v2\/users\/3"}],"replies":[{"embeddable":true,"href":"https:\/\/instantcourts.com\/instantpadel\/wp-json\/wp\/v2\/comments?post=3309"}],"version-history":[{"count":0,"href":"https:\/\/instantcourts.com\/instantpadel\/wp-json\/wp\/v2\/pages\/3309\/revisions"}],"wp:featuredmedia":[{"embeddable":true,"href":"https:\/\/instantcourts.com\/instantpadel\/wp-json\/wp\/v2\/media\/5094"}],"wp:attachment":[{"href":"https:\/\/instantcourts.com\/instantpadel\/wp-json\/wp\/v2\/media?parent=3309"}],"curies":[{"name":"wp","href":"https:\/\/api.w.org\/{rel}","templated":true}]}}